{"id":374,"date":"2026-01-31T23:38:20","date_gmt":"2026-01-31T23:38:20","guid":{"rendered":"https:\/\/activemotionklinikhospitalaps.com\/?page_id=374"},"modified":"2026-01-31T23:40:15","modified_gmt":"2026-01-31T23:40:15","slug":"knae","status":"publish","type":"page","link":"https:\/\/activemotionklinikhospitalaps.com\/?page_id=374","title":{"rendered":"Kn\u00e6"},"content":{"rendered":"\t\t<div data-elementor-type=\"wp-page\" data-elementor-id=\"374\" class=\"elementor elementor-374\">\n\t\t\t\t<div class=\"elementor-element elementor-element-23f4a0fc e-flex e-con-boxed e-con e-parent\" data-id=\"23f4a0fc\" data-element_type=\"container\" data-e-type=\"container\">\n\t\t\t\t\t<div class=\"e-con-inner\">\n\t\t\t\t<div class=\"elementor-element elementor-element-4379d670 elementor-widget elementor-widget-text-editor\" data-id=\"4379d670\" data-element_type=\"widget\" data-e-type=\"widget\" data-widget_type=\"text-editor.default\">\n\t\t\t\t\t\t\t\t\t\n<p><img fetchpriority=\"high\" decoding=\"async\" src=\"https:\/\/activemotion.se\/wp-content\/uploads\/symptomer-knae.jpg\" srcset=\"https:\/\/activemotion.se\/wp-content\/uploads\/symptomer-knae.jpg 1170w, https:\/\/activemotion.se\/wp-content\/uploads\/symptomer-knae-300x150.jpg 300w, https:\/\/activemotion.se\/wp-content\/uploads\/symptomer-knae-768x384.jpg 768w, https:\/\/activemotion.se\/wp-content\/uploads\/symptomer-knae-1024x512.jpg 1024w\" alt=\"\" width=\"1170\" height=\"585\" \/><\/p>\n\n<h1 class=\"wp-block-heading\">Kn\u00e6<\/h1>\n\n<p>Do you have pain on your knee? A number of different conditions can cause pain in the knee. Locks, instability or other mechanical phenomena should be examined by orthopedists. Conservative or medical treatment is usually topical, but surgery can sometimes be the best option.<\/p>\n\n<p>Do you have pain on your knee? A number of different conditions can cause pain in the knee. Locks, instability or other mechanical phenomena should be examined by orthopedists. Conservative or medical treatment is usually topical, but surgery can sometimes be the best option.<\/p>\n\n<p>Also in joint failure \u2013 Arthrosis there are some studies that suggest that <a href=\"http:\/\/www.socialstyrelsen.se\/nationellariktlinjerforrorelseorganenssjukdomar\/sokiriktlinjerna\/artrosihoft\">exercise has a positive effect.<\/a> When conservative treatment no longer provides satisfactory effect, an operation with an artificial knee joint may be considered. See Zimmer&#8217;s animation below. We use the latest technology and the best implants for optimal results.<\/p>\n\n<p>ACTIVE MOTION helps you quickly with assessment and treatment.<\/p>\n\n<p>Surgery is carried out in private hospitals in the Region. Your costs are reimbursed by F\u00f6rs\u00e4kringskassan.<\/p>\n\n<ul class=\"wp-block-list\">\n<li><a href=\"https:\/\/activemotion.se\/da\/profil\/kna\/#custom-tab-0-1ae6ecd5776966d9eefb411b7822837d\">Mere info<\/a><\/li>\n\n<li><a href=\"https:\/\/activemotion.se\/da\/profil\/kna\/#custom-tab-0-7ddb67c40be97e770e18e065dd58a733\">Meniscus injury<\/a><\/li>\n\n<li><a href=\"https:\/\/activemotion.se\/da\/profil\/kna\/#custom-tab-0-b14ac8f574df6ada7676889eea3323fd\">Knee pain<\/a><\/li>\n\n<li><a href=\"https:\/\/activemotion.se\/da\/profil\/kna\/#custom-tab-0-1ebdecee322e88d840176f5892b83b60\">Cruciate ligament injury<\/a><\/li>\n\n<li><a href=\"https:\/\/activemotion.se\/da\/profil\/kna\/#custom-tab-0-1b97d5b76a249b8cf60dcf9b003932fb\">Knee Osteoarthritis<\/a><\/li>\n<\/ul>\n\n<h3 class=\"wp-block-heading\">Good to know about Knee Osteoarts<\/h3>\n\n<h6 class=\"wp-block-heading\">Last updated October 2017<\/h6>\n\n<p>Att ha ont i kn\u00e4et p\u00e5verkar din livssituation p\u00e5 m\u00e5nga s\u00e4tt. Motion, egenv\u00e5rd och hj\u00e4lp fr\u00e5n prim\u00e4rv\u00e5rden kan lindra din sm\u00e4rta och \u00f6ka livskvalit\u00e9n. Fungerar inte det kan en konstgjord kn\u00e4led hj\u00e4lpa dig tillbaka till ett aktivt liv. H\u00e4r kan du bland annat l\u00e4sa om symptom, sm\u00e4rtlindring, vad en operation inneb\u00e4r samt om risker och tillfrisknande.<\/p>\n\n<p><strong>Vad inneb\u00e4r kn\u00e4ledsartros<\/strong><br \/>Kn\u00e4ledsartros \u00e4r en sjukdom som b\u00f6rjar i ledbrosket. Friskt ledbrosk \u00e4r fast och elastiskt och fungerar som st\u00f6td\u00e4mpare och glidyta f\u00f6r kn\u00e4leden. Artros inneb\u00e4r att brosket gradvis tunnas ut och till slut kan det f\u00f6rsvinna helt.<\/p>\n\n<p>Tidiga symptom p\u00e5 kn\u00e4ledsartros \u00e4r l\u00e4tt sm\u00e4rta i kn\u00e4et vid anstr\u00e4ngning. Besv\u00e4ren varierar ofta i perioder och kan sedan \u00f6ka med ig\u00e5ngs\u00e4ttningssm\u00e4rta, \u00f6kad stelhet och senare v\u00e4rk \u00e4ven i vila. Ibland kan man ocks\u00e5 notera en \u00f6kad hjul- eller kobenthet. Oftast f\u00e5r man bara besv\u00e4r i ena kn\u00e4et, men en tredjedel av dem som drabbas av artros f\u00e5r problem i b\u00e5da kn\u00e4na.<\/p>\n\n<p>Diagnosen artros f\u00f6ruts\u00e4tter sm\u00e4rta, stelhet och typiska r\u00f6ntgenfynd. Man kan ha artrosf\u00f6r\u00e4ndringar som syns p\u00e5 r\u00f6ntgenbilder utan att de ger egentliga besv\u00e4r.<\/p>\n\n<p><strong>Vem drabbas av kn\u00e4ledsartros?<\/strong>Artros i kn\u00e4leden \u00e4r en av de vanligaste ledsjukdomarna i v\u00e4stv\u00e4rlden. I \u00e5ldersgruppen under 45 \u00e5r \u00e4r det cirka 1 procent som drabbas, \u00f6verv\u00e4gande m\u00e4n. I h\u00f6gre \u00e5ldrar dominerar kvinnor statistiken och ungef\u00e4r dubbelt s\u00e5 m\u00e5nga kvinnor som m\u00e4n f\u00e5r kn\u00e4ledsartros.<\/p>\n\n<p>I \u00e5ldersgruppen \u00f6ver 65 \u00e5r anses cirka 10 procent ha symptomgivande kn\u00e4ledsartros. Risken f\u00f6r artros \u00f6kar ju \u00e4ldre man blir. I Sverige opereras varje \u00e5r ungef\u00e4r 10 000 patienter f\u00f6r sv\u00e5r kn\u00e4ledsartros. Majoriteten av dem som opereras \u00e4r 70\u201380 \u00e5r.<\/p>\n\n<p>Det finns flera enskilda faktorer som p\u00e5verkar risken att utveckla kn\u00e4ledsartros. Elitidrottare har h\u00f6gre risk \u00e4n normalbefolkningen, framf\u00f6rallt fotbolls- och ishockeyspelare samt skid\u00e5kare.<\/p>\n\n<p>Motionsidrottande medf\u00f6r inte en \u00f6kad risk men en genomg\u00e5ngen kn\u00e4skada, t ex korsband eller menisk \u00f6kar risken avsev\u00e4rt f\u00f6r att i ett senare skede utveckla artros. \u00c4rftliga faktorer anses ocks\u00e5 p\u00e5verka risken f\u00f6r artros.<\/p>\n\n<p>Vissa yrkesgrupper med upprepad tung kn\u00e4belastning eller huksittande har en \u00f6kad f\u00f6rekomst av artros j\u00e4mf\u00f6rt med befolkningen i \u00f6vrigt.<\/p>\n\n<p>En annan viktig orsak \u00e4r \u00f6vervikt. Varje extra kilo \u00f6kar belastningen p\u00e5 ledytorna i kn\u00e4et flerfaldigt.<\/p>\n\n<p><strong>Vad kan jag g\u00f6ra sj\u00e4lv?<\/strong><br \/>F\u00f6rs\u00f6k bevara din muskelstyrka och r\u00f6rlighet s\u00e5 gott det g\u00e5r. Sm\u00e4rtstillande mediciner kan p\u00e5tagligt lindra sm\u00e4rtan och m\u00f6jligg\u00f6ra fortsatt motion. Cykling \u00e4r en utm\u00e4rkt tr\u00e4ningsform, 20 minuter dagligen p\u00e5 motionscykel kan ge h\u00e4pnadsv\u00e4ckande stora resultat.<\/p>\n\n<p>Bra skor med st\u00f6tupptagande sula (t ex joggingskor) i kombination med k\u00e4pp, g\u00e5stavar eller en krycka kan ocks\u00e5 lindra och skjuta en operation p\u00e5 framtiden. \u00d6vervikt belastar s\u00e5v\u00e4l rygg, h\u00f6fter som kn\u00e4n!<\/p>\n\n<p><strong>Vad kan husl\u00e4kare\/v\u00e5rdcentral\/sjukgymnast g\u00f6ra?<\/strong><br \/>Prim\u00e4rv\u00e5rden ska hj\u00e4lpa dig med all v\u00e5rd fram till dess att en eventuell operation blir n\u00f6dv\u00e4ndig. Detta inneb\u00e4r att diagnosen st\u00e4lls med hj\u00e4lp av r\u00f6ntgen och l\u00e4karunders\u00f6kning p\u00e5 v\u00e5rdcentralen.<\/p>\n\n<p>Husl\u00e4karen kan f\u00f6rskriva sm\u00e4rtlindrande l\u00e4kemedel. I tidig fas hj\u00e4lper exempelvis Alvedon\/paracetamol, men starkare sm\u00e4rta kan kr\u00e4va starkare medicin.<\/p>\n\n<p>I tidig fas kan \u00e4ven hyaluronsyrapreparat, \u201dtuppkam\u201d, eller glukosamintabletter ha effekt. I vissa fall kan ocks\u00e5 cortisoninjektioner i kn\u00e4leden mildra symptomen. Information om l\u00e4mpliga mediciner och l\u00e4mpliga biverkningar f\u00e5r du hj\u00e4lp med av din husl\u00e4kare eller v\u00e5rdcentral.<\/p>\n\n<p>Husl\u00e4kare kan \u00e4ven remittera till sjukgymnast f\u00f6r genomg\u00e5ng och tr\u00e4ningsprogram.<\/p>\n\n<p>Om din sm\u00e4rta \u00f6kar och livskvaliteten blir l\u00e5g trots dessa insatser kan en remiss skickas till ortoped f\u00f6r att diskutera f\u00f6ruts\u00e4ttningar f\u00f6r en operation.<\/p>\n\n<p><strong>Vad inneb\u00e4r en operation?<\/strong><br \/>P\u00e5 ortopedkliniken kan l\u00e4karen ta st\u00e4llning till om en operation \u00e4r den b\u00e4sta hj\u00e4lpen f\u00f6r dig, och vilken typ av operation som passar dig. Det finns flera t\u00e4nkbara m\u00f6jligheter: 1.Total kn\u00e4ledsprotes. Det absolut vanligaste ingreppet, vilket inneb\u00e4r att ledytorna i kn\u00e4et ers\u00e4tts med en kn\u00e4ledsprotes av st\u00e5l och plast. 2.Halv kn\u00e4ledsprotes. I vissa fall r\u00e4cker det med att ers\u00e4tta bara en del av kn\u00e4et, i allm\u00e4nhet insidan. 3.Osteotomi. Hos enstaka yngre individer med artros bara p\u00e5 in- eller utsidan av kn\u00e4et kan en s\u00e5 kallad osteotomi, omvinklingsoperation, g\u00f6ras. Detta inneb\u00e4r att man vinklar om benet s\u00e5 att den sjuka delen av kn\u00e4et avlastas.<\/p>\n\n<p><strong>Finns det n\u00e5gra risker?<\/strong><br \/>Ingen operation \u00e4r 100 procent riskfri! Trots alla t\u00e4nkbara f\u00f6rsiktighets\u00e5tg\u00e4rder drabbas cirka 1 av 100 opererade av en besv\u00e4rlig infektion i den nya kn\u00e4leden. Risken \u00e4r st\u00f6rre f\u00f6r r\u00f6kare och de med andra sjukdomar s\u00e5som diabetes eller hj\u00e4rt- och k\u00e4rlsjukdomar. R\u00f6kstopp f\u00f6rb\u00e4ttrar f\u00f6ruts\u00e4ttningarna f\u00f6r ett lyckat operationsresultat.<\/p>\n\n<p>En infektion inneb\u00e4r ofta att man f\u00e5r operera om en eller flera g\u00e5nger och slutresultatet blir oftast f\u00f6rs\u00e4mrat. En operation inneb\u00e4r ocks\u00e5 en \u00f6kad risk f\u00f6r blodpropp i anslutning till operationen. F\u00f6r att minska risken f\u00f6r detta behandlas man med blodf\u00f6rtunnande medicin under en kort tid efter operationen. N\u00e5gra procent av patienterna f\u00e5r kvarst\u00e5ende sm\u00e4rtor runt den nya leden som vi inte kan p\u00e5verka, men s\u00e4llan \u00e4r sm\u00e4rtorna sv\u00e5ra.<\/p>\n\n<p>Av alla nya kn\u00e4leder fungerar 90\u201395 procent utm\u00e4rkt i mer \u00e4n tio \u00e5r, ungef\u00e4r var 20:e protes m\u00e5ste n\u00e5gon g\u00e5ng opereras om. Ju yngre man \u00e4r n\u00e4r man opererar sin kn\u00e4led desto st\u00f6rre \u00e4r risken att den n\u00e5gon g\u00e5ng senare f\u00e5r bytas ut.<\/p>\n\n<p><strong>Hur bra blir jag?<\/strong><br \/>F\u00e5 \u00e5ngrar att de l\u00e4t operera sin kn\u00e4led. Cirka 90 procent anger efter operationen att de f\u00e5tt sina f\u00f6rv\u00e4ntningar uppfyllda och efter 10 \u00e5r \u00e4r fortfarande cirka 90 procent n\u00f6jda.<\/p>\n\n<p>I regel g\u00e4ller att resultatet i form av minskade sm\u00e4rtor i kn\u00e4et blir b\u00e4ttre ju mer sm\u00e4rta man har f\u00f6re operationen och omv\u00e4nt \u2013 f\u00f6r tidig operation ger inte lika tydlig f\u00f6rb\u00e4ttring. Det finns allts\u00e5 inget sk\u00e4l att operera kn\u00e4leden i ett tidigt skede f\u00f6r att undvika att det blir v\u00e4rre. Man b\u00f6r ta sig igenom den tidiga artrosutvecklingen och inv\u00e4nta att kroppen (och sj\u00e4len) \u00e4r v\u00e4l inst\u00e4lld p\u00e5 en st\u00f6rre ledoperation.<\/p>\n\n<p>Operationen syftar till att minska sm\u00e4rtan, och som en f\u00f6ljd av detta blir funktionen i kn\u00e4et b\u00e4ttre. En konstgjord led kan aldrig fullt ut ers\u00e4tta en frisk naturlig led. D\u00e4rf\u00f6r m\u00e5ste man acceptera att leden ibland signalerar obehag och ger lite stelhet efter vila.<\/p>\n\n<p>Om man uts\u00e4tter sin nya kn\u00e4led f\u00f6r stora p\u00e5frestningar \u00f6kar risken f\u00f6r att den ska lossna eller slitas ut i f\u00f6rtid, vilket sker hos cirka 5 procent av dem som f\u00e5tt en ny kn\u00e4led. Den nya leden t\u00e5l tung belastning men tycker mindre om kraftiga st\u00f6tar. Vi avr\u00e5der d\u00e4rf\u00f6r alltid fr\u00e5n motionsl\u00f6pning, s\u00e4rskilt p\u00e5 h\u00e5rt underlag. Du b\u00f6r undvika kontaktsporter som fotboll och dylikt.<\/p>\n\n<p>I allm\u00e4nhet g\u00e4ller att f\u00f6r den n\u00e5got \u00e4ldre patienten b\u00f6r en ny kn\u00e4led inte n\u00e4mnv\u00e4rt inskr\u00e4nka p\u00e5 normal livsf\u00f6ring.<\/p>\n\n<p><strong>M\u00e5ste jag vara sjukskriven?<\/strong><br \/>Rehabiliteringsperioden efter en kn\u00e4operation \u00e4r individuell, en snabb f\u00f6rb\u00e4ttring sker de f\u00f6rsta 2\u20133 m\u00e5naderna efter operation. Sjukskrivningen b\u00f6r anpassas efter dina behov, allt fr\u00e5n en vecka till flera m\u00e5nader.<\/p>\n\n<h1 class=\"wp-block-heading\">\u2014-#&#8212;<\/h1>\n\n<h4 class=\"wp-block-heading\"><a href=\"http:\/\/www.activemotion.dk\/booking\/\">Make an appointment for your orthopaedic surgery examination. First, choose the clinic.<\/a><\/h4>\n\t\t\t\t\t\t\t\t<\/div>\n\t\t\t\t\t<\/div>\n\t\t\t\t<\/div>\n\t\t\t\t<\/div>\n\t\t\n    <div class=\"xs_social_share_widget xs_share_url after_content \t\tmain_content  wslu-style-1 wslu-share-box-shaped wslu-fill-colored wslu-none wslu-share-horizontal wslu-theme-font-no wslu-main_content\">\n\n\t\t\n        <ul>\n\t\t\t        <\/ul>\n    <\/div> \n","protected":false},"excerpt":{"rendered":"<p>Kn\u00e6 Do you have pain on your knee? A number of different conditions can cause pain in the knee. Locks, instability or other mechanical phenomena should be examined by orthopedists. Conservative or medical treatment is usually topical, but surgery can sometimes be the best option. Do you have pain on your knee? A number of [&hellip;]<\/p>\n","protected":false},"author":1,"featured_media":0,"parent":0,"menu_order":0,"comment_status":"closed","ping_status":"closed","template":"","meta":{"postBodyCss":"","postBodyMargin":[],"postBodyPadding":[],"postBodyBackground":{"backgroundType":"classic","gradient":""},"footnotes":""},"class_list":["post-374","page","type-page","status-publish","hentry"],"_hostinger_reach_plugin_has_subscription_block":false,"_hostinger_reach_plugin_is_elementor":false,"_links":{"self":[{"href":"https:\/\/activemotionklinikhospitalaps.com\/index.php?rest_route=\/wp\/v2\/pages\/374","targetHints":{"allow":["GET"]}}],"collection":[{"href":"https:\/\/activemotionklinikhospitalaps.com\/index.php?rest_route=\/wp\/v2\/pages"}],"about":[{"href":"https:\/\/activemotionklinikhospitalaps.com\/index.php?rest_route=\/wp\/v2\/types\/page"}],"author":[{"embeddable":true,"href":"https:\/\/activemotionklinikhospitalaps.com\/index.php?rest_route=\/wp\/v2\/users\/1"}],"replies":[{"embeddable":true,"href":"https:\/\/activemotionklinikhospitalaps.com\/index.php?rest_route=%2Fwp%2Fv2%2Fcomments&post=374"}],"version-history":[{"count":6,"href":"https:\/\/activemotionklinikhospitalaps.com\/index.php?rest_route=\/wp\/v2\/pages\/374\/revisions"}],"predecessor-version":[{"id":380,"href":"https:\/\/activemotionklinikhospitalaps.com\/index.php?rest_route=\/wp\/v2\/pages\/374\/revisions\/380"}],"wp:attachment":[{"href":"https:\/\/activemotionklinikhospitalaps.com\/index.php?rest_route=%2Fwp%2Fv2%2Fmedia&parent=374"}],"curies":[{"name":"wp","href":"https:\/\/api.w.org\/{rel}","templated":true}]}}